{"id":66,"date":"2019-10-04T19:40:54","date_gmt":"2019-10-04T17:40:54","guid":{"rendered":"http:\/\/aufildespas69.fr\/?page_id=66"},"modified":"2024-01-03T21:44:51","modified_gmt":"2024-01-03T20:44:51","slug":"ateliers","status":"publish","type":"page","link":"https:\/\/aufildespas69.fr\/index.php\/ateliers\/","title":{"rendered":"Ateliers"},"content":{"rendered":"\n<p class=\"has-text-color has-medium-font-size\" style=\"color:#000000\"><strong><em>Ateliers d&rsquo;\u00e9veil psychomoteur<\/em><\/strong><\/p>\n\n\n\n<p>Florine et Laura vous proposent un atelier parents-enfants d\u00e8s le ramp\u00e9 de votre enfant jusqu&rsquo;\u00e0 ses 3 ans pour \u00e9veiller sa motricit\u00e9. N&rsquo;h\u00e9sitez pas \u00e0 nous contacter pour un rendez-vous individuel si votre enfant n&rsquo;en est pas \u00e0 ce stade. <\/p>\n\n\n\n<ul>\n<li><a href=\"http:\/\/aufildespas69.fr\/index.php\/ateliers-deveil-psychomoteur\/\">Voir le d\u00e9tail de l&rsquo;atelier<\/a><\/li>\n\n\n\n<li><a href=\"http:\/\/aufildespas69.fr\/index.php\/date-ateliers-deveils\/\">Voir les dates<\/a><\/li>\n\n\n\n<li><a href=\"http:\/\/aufildespas69.fr\/index.php\/reservation-des-ateliers\/\">R\u00e9server<\/a><\/li>\n<\/ul>\n\n\n<p><!--StartFragment--><\/p>\n<p><!--EndFragment--><\/p>","protected":false},"excerpt":{"rendered":"<p>Ateliers d&rsquo;\u00e9veil psychomoteur Florine et Laura vous proposent un atelier parents-enfants d\u00e8s le ramp\u00e9 de votre enfant jusqu&rsquo;\u00e0 ses 3 ans pour \u00e9veiller sa motricit\u00e9. N&rsquo;h\u00e9sitez pas \u00e0 nous contacter pour un rendez-vous individuel si votre enfant n&rsquo;en est pas \u00e0 ce stade.<\/p>\n","protected":false},"author":1,"featured_media":0,"parent":0,"menu_order":0,"comment_status":"closed","ping_status":"closed","template":"","meta":{"footnotes":""},"_links":{"self":[{"href":"https:\/\/aufildespas69.fr\/index.php\/wp-json\/wp\/v2\/pages\/66"}],"collection":[{"href":"https:\/\/aufildespas69.fr\/index.php\/wp-json\/wp\/v2\/pages"}],"about":[{"href":"https:\/\/aufildespas69.fr\/index.php\/wp-json\/wp\/v2\/types\/page"}],"author":[{"embeddable":true,"href":"https:\/\/aufildespas69.fr\/index.php\/wp-json\/wp\/v2\/users\/1"}],"replies":[{"embeddable":true,"href":"https:\/\/aufildespas69.fr\/index.php\/wp-json\/wp\/v2\/comments?post=66"}],"version-history":[{"count":15,"href":"https:\/\/aufildespas69.fr\/index.php\/wp-json\/wp\/v2\/pages\/66\/revisions"}],"predecessor-version":[{"id":361,"href":"https:\/\/aufildespas69.fr\/index.php\/wp-json\/wp\/v2\/pages\/66\/revisions\/361"}],"wp:attachment":[{"href":"https:\/\/aufildespas69.fr\/index.php\/wp-json\/wp\/v2\/media?parent=66"}],"curies":[{"name":"wp","href":"https:\/\/api.w.org\/{rel}","templated":true}]}}

<p class="has-text-color has-medium-font-size" style="color:#000000"><strong><em>Ateliers d&rsquo;éveil psychomoteur</em></strong></p>



<p>Florine et Laura vous proposent un atelier parents-enfants dès le rampé de votre enfant jusqu&rsquo;à ses 3 ans pour éveiller sa motricité. N&rsquo;hésitez pas à nous contacter pour un rendez-vous individuel si votre enfant n&rsquo;en est pas à ce stade. </p>



<ul>
<li><a href="http://aufildespas69.fr/index.php/ateliers-deveil-psychomoteur/">Voir le détail de l&rsquo;atelier</a></li>



<li><a href="http://aufildespas69.fr/index.php/date-ateliers-deveils/">Voir les dates</a></li>



<li><a href="http://aufildespas69.fr/index.php/reservation-des-ateliers/">Réserver</a></li>
</ul>


<p><!--StartFragment--></p>
<p><!--EndFragment--></p>

<p>Ateliers d&rsquo;éveil psychomoteur Florine et Laura vous proposent un atelier parents-enfants dès le rampé de votre enfant jusqu&rsquo;à ses 3 ans pour éveiller sa motricité. N&rsquo;hésitez pas à nous contacter pour un rendez-vous individuel si votre enfant n&rsquo;en est pas à ce stade.</p>
